Let t be (m/4)/((-3)/(-2)). What is c(t)?
0
Suppose 2*p = 3 + 3. Suppose n + 2*n = -4*w + 13, -p*n - 2*w + 5 = 0. Let h(r) = -7*r**2 + r. What is h(n)?
-8
Let k(s) = s - 6. Let m be k(5). Let t be (3*2*1)/m. Let q(u) be the third derivative of -u**6/120 - u**5/10 - 4*u**2. Give q(t).
0
Let a(p) = 4*p - 11*p + 6*p - 3. Give a(-4).
1
Let y(d) = -d. Let w be ((-6)/5)/((-2)/5). Suppose 30 = -j - 5*i, 2*j + 2*i + 5 = w*j. Determine y(j).
5
Let u(g) = g**3 + g - 4. Let w be u(0). Let m(q) = -q**3 - 5*q**2 - 6*q - 5. Calculate m(w).
3
Let t(l) = -l - 4. Let k be t(-7). Suppose -13 = k*y + 2*q, -8 = 2*q + 2*q. Let c(g) = -g**3 - 4*g + 3 - 3 + 1 - 5*g**2. What is c(y)?
-5
Let v(g) be the first derivative of -g**4/4 + 2*g + 5. Suppose s - 4*s + 6 = 0. Give v(s).
-6
Let x(i) = 2*i - 1 + 3 - 5. Calculate x(3).
3
Let q(u) = -u**3 - 6*u**2 - u - 6. Let v be q(-6). Suppose 5*x - 5*a + 5 = 0, x + v*x + 3*a - 19 = 0. Let b(f) = 4*f - f**2 - 3*f - 3 + 4*f. Give b(x).
1
Let k = 45 - 66. Let l be (k/28)/((-1)/(-4)). Let x(i) = -i + i**2 - 4 + 5*i - i. Calculate x(l).
-4
Let n(g) = -5*g - 1. Suppose 8 = v + 3*v. Give n(v).
-11
Let s(a) be the first derivative of a**3/3 - 5*a**2/2 + 5*a + 18. Determine s(5).
5
Let z = 15 + -21. Let p be 0 - (1 - -1) - z. Let w be (-5 + p)/((-1)/6). Let j(u) = -u**2 + 6*u + 6. Determine j(w).
6
Let n(w) = -3*w**2 - 8*w + 10. Let c(j) = -7*j**2 - 17*j + 21. Let g(t) = 2*c(t) - 5*n(t). Determine g(-7).
-1
Let m(g) be the first derivative of -1/4*g**4 + 2 - 4/3*g**3 - g**2 - 3*g. Determine m(-3).
-6
Let d(v) be the first derivative of v**2/2 - 13. Give d(6).
6
Let d = 2 + -5. Let i = 0 - d. Let h(j) = j**2 - 8*j - 1 - j + 8*j. What is h(i)?
5
Let r(h) = -h + 0*h - 3 - 2*h**2 + 2 - 2*h**2. What is r(-1)?
-4
Let z(t) = -2*t - 1. Let w(x) = -23*x - 3. Let p(h) = -w(h) + 4*z(h). What is p(-1)?
-16
Suppose 0 = 4*w - 2*l + 4, 3*w - 7*l + 3*l + 3 = 0. Let r(z) = 9*z + 1. Give r(w).
-8
Let w(j) = -j**3 - 6*j**2 + 3*j + 5. Let d(n) = n**3. Let x(f) = -2*d(f) - w(f). Let k be (25/10 + 1*-3)*-10. Determine x(k).
5
Let f(i) be the third derivative of i**5/60 + i**4/12 - i**3/2 + 22*i**2. What is f(-3)?
0
Let o be ((-1)/(-2))/((-2)/(-4)). Suppose -2*c + 11 - o = 0. Let l(v) be the first derivative of v**3/3 - 3*v**2 - v + 3. Calculate l(c).
-6
Let f(g) = 4*g**3 + g**2 - 3. Let c(n) = 7*n**3 + n**2 - n - 5. Let a(w) = 3*c(w) - 5*f(w). What is a(3)?
0
Let h(k) = -6*k**2 + 0*k**2 + k**3 + 0*k + 0 + k - 1. Determine h(6).
5
Let h be (-3)/(-12) - 15/(-4). Let w(v) = v - h + 0*v - 1. Let g(m) = m**2 + 5. Let n be g(0). Give w(n).
0
Let c(x) = -5*x**3 + x**2 - 16*x + 3. Let g(u) = -u**3 - 4*u + 1. Let y = 56 + -33. Let o = -14 + y. Let v(w) = o*g(w) - 2*c(w). What is v(3)?
0
Let d(h) = h**2 - 10*h - 8. Let a be d(11). Let u(z) = 0*z + 0 - 3*z - z**a + 2*z**2 + 2. Calculate u(2).
-4
Let p(c) = c**2 + 4*c + 3. Suppose -10*z + 2*z = 32. Give p(z).
3
Suppose 2*l = -2*g - 6 + 16, 2*g - 4*l = -2. Let c(f) = -5*f + 3. Calculate c(g).
-12
Let i(x) = 4*x**2 - 5. Let n(s) = s**2 - 1. Let t(y) = 2*i(y) - 9*n(y). Determine t(0).
-1
Suppose -3*m + 35 = 2*c - 2*m, 2*c + 5*m = 39. Let x = 11 - c. Let u(i) = -i**3 - 7*i**2 - 6*i - 8. Give u(x).
-8
Let s = 16 - 9. Let k = s - 9. Let y be k*(0 - (-2 + 1)). Let q(z) = -2*z**2 - 3*z - 2. What is q(y)?
-4
Let t(f) be the first derivative of 1/2*f**3 + 0*f - 1/12*f**4 + 3 + 3/2*f**2. Let c(p) be the second derivative of t(p). Calculate c(5).
-7
Let j be (1 + -4)/(9/(-6)). Suppose j*y + y + 15 = 0. Let l(r) = -r - 4. Give l(y).
1
Let x(u) be the first derivative of -u**2/2 + 4*u + 5. What is x(5)?
-1
Let c(w) = -3*w - 5. Let d(h) = -h - 2. Let i(z) = 2*c(z) - 5*d(z). Calculate i(0).
0
Let d(b) = -2*b + 5 + 4*b - 3 + 23*b**2 - 24*b**2. Calculate d(-3).
-13
Let i(b) = 5*b**3 - b**2 + 6*b + 8. Let j(s) = -4*s**3 - 5*s - 7. Let c(z) = 5*i(z) + 6*j(z). Let n be ((-6)/(-18))/(1/51). Let m = -12 + n. Give c(m).
-2
Let c(s) be the second derivative of -s**4/12 - 3*s**2/2 - s. Suppose 2*t = -3*b - 0*b + 14, b - 2 = 2*t. Let l be 2 + -3 + t + 0. Calculate c(l).
-3
Let r = 1 - 1. Let x(w) = -w**3 + 3*w**2 + 3*w - 10. Let a = 14 + -7. Let z(p) = -3*p**3 + 10*p**2 + 10*p - 30. Let u(g) = a*x(g) - 2*z(g). Calculate u(r).
-10
Let b(o) be the first derivative of -o**6/45 - o**5/120 + o**4/24 + o**3/3 - 1. Let t(x) be the third derivative of b(x). Let s be 3/2 + (-7)/14. What is t(s)?
-8
Let n(z) = -z**2 - 2*z + 1. Let w(x) = x - 2 + 3 + 3*x**3 + 4*x**2 - 2*x**3. Let g be w(-4). Calculate n(g).
-2
Let p be 8/16 + 46/4. Let s = p + -23. Let r be (s - -1)*1/2. Let x(t) = t**3 + 5*t**2 + t - 1. Calculate x(r).
-6
Let m be (-5)/30 + 111/18. Let g(z) = -z**3 + 6*z**2 - z + 6. Determine g(m).
0
Let k(t) be the first derivative of t**3/3 + 5*t**2/2 - t - 3. Give k(-5).
-1
Let r(y) = y**2 - y + 6. Let v(d) = d - 6. Let o be v(6). What is r(o)?
6
Let g be (-9)/(-1)*(6 + -5). Let x(u) = -u + 6. Determine x(g).
-3
Let z(h) = 2*h - h**3 + 4*h**2 - 4 - 2 + h**3 - h**3. Suppose b - 24 = -3*b. Suppose 4*d = -5*y + 8, 4*y + d = 7 + b. Determine z(y).
2
Let x(q) = q**2 + 6*q + 5. Let y be (-15)/5*(-4)/(-2). Calculate x(y).
5
Let d(v) = -1 - 3*v - 3*v + 0*v + 4*v. Determine d(-8).
15
Let d(q) = q**3 + 3*q**2 - 3*q - 1. Let y(f) be the third derivative of -f**5/60 - 5*f**4/12 - 2*f**3 - 5*f**2. Let z be y(-9). Calculate d(z).
8
Suppose 2*n = 8*n. Suppose 3*t - 3 - 6 = n. Let a(h) = 4*h**2 + 1 + 2 - 5*h**2. Give a(t).
-6
Let w(c) be the first derivative of c**2/2 - 6*c - 1. Let z be (0/(-7))/(1/(-1)). Give w(z).
-6
Let q(r) be the second derivative of -3*r**5/20 + r**2/2 - 11*r. What is q(-1)?
4
Let z(f) = f + 20 - 10 - 9. Let t(v) = -v**3 + 2*v**2 - 3*v - 6. Let y(n) = t(n) + 4*z(n). Let c(a) = -a**3 + 5*a**2 + 2. Let p be c(5). Determine y(p).
0
Suppose -15 = 6*a - a, 3*a = 4*z - 13. Let c(m) = 6*m**3 + 3*m**2 - 9*m + 4. Let j(p) = -p**3 - p**2 + p. Let o(k) = z*c(k) + 5*j(k). What is o(3)?
1
Suppose b = -2*s, 3*s + 3 = b - 2*b. Let u(d) be the third derivative of 4/3*d**3 - 1/12*d**4 + 0*d + 0 - d**2. Determine u(b).
-4
Let x be 4/(-14) + (-74)/(-14). Let s(j) be the first derivative of -j**2/2 + j + 9. Give s(x).
-4
Suppose 0 = 2*l - 0*l - 6. Let o(r) = 3*r**2 - 2*r - r - 2*r**3 - 2*r**3 + 3*r**3. What is o(l)?
-9
Let j = -26 + 29. Let u(d) = -j*d + 0*d + 4*d - 5. What is u(5)?
0
Let j(v) = v**2 - v - 1. Let x = 1 - 1. Calculate j(x).
-1
Let w(u) = -u**3 - 4*u**2 + 4*u - 2. Let a be 1 - 10/12 - (-31)/(-6). Give w(a).
3
Let k(z) = -3*z + 1. Let l be k(6). Let q = -12 - l. Suppose q*i = -0*i + 5. Let b(y) = 8*y - 1. What is b(i)?
7
Let u = 2 - -1. Let y be (-3 - 3)/(-2) - 6. Let v(r) = r - 1. Let q(w) = -1. Let a(l) = y*q(l) + v(l). What is a(u)?
5
Let i(z) = -2*z - 1. Suppose 5*b + 3*f - 8 = 0, -2*f = -7*b + 2*b + 3. Calculate i(b).
-3
Let p(c) be the third derivative of -c**5/60 - c**4/6 + 2*c**3/3 - c**2. Let z = 8 + -11. Let q(m) = m**3 + 2*m**2 - m + 1. Let d be q(z). Give p(d).
-1
Suppose 0 = -3*h + u + 36 - 15, u = -2*h + 9. Let z(j) = 13*j - 11*j - 3*j - 3 + 1. Calculate z(h).
-8
Let j(t) = -t**2 + 6*t - 3. Suppose 8 = -5*v + 3. Let m(g) = 7*g**2 + g. Let z be m(v). Calculate j(z).
-3
Let g = 1 - 8. Let p = g + 10. Let z(o) = -o**3 + 3*o**2 - 3*o - 1. Determine z(p).
-10
Let l(j) be the second derivative of 0 + 1/12*j**4 - 3/2*j**2 + 3*j + 1/3*j**3. Let x(d) = d**2 - 6*d + 2. Let w be x(5). Determine l(w).
0
Let f(c) = c**3 + 9 - 3 + 3*c + 0*c - 6*c**2 - c. Calculate f(5).
-9
Let q = 3 - 8. Let g(h) be the first derivative of h**4/24 + h**3 + h**2/2 + 1. Let f(x) be the second derivative of g(x). What is f(q)?
1
Suppose 4*f - 49 = -2*a - 13, 0 = -f + 5. Suppose -v + a = v. Let p(g) be the third derivative of g**6/120 - g**5/12 + g**4/4 + g**2. Give p(v).
8
Let q(p) = -5*p**2 + p - 5. Let g(o) = 4*o**2 - 1 - 2*o**2 - 4*o**2 + o**2. Let a(x) = -4*g(x) + q(x). Let d(i) be the first derivative of a(i). What is d(-2)?
5
Let z be -2*1 - (2 + -4). Let i be -3 + z/(-1 + 0). Let q(v) = v**3 + 4*v**2 + 4*v - 1. Give q(i).
-4
Let i(r) be the second derivative of r**3/6 - r**2/2 - r. Calculate i(-5).
-6
Let x(y) = y**3 - 5*y**2 + 5*y - 6. Let r(l) = -2*l - 12. Let q be r(-8). Suppose b + 5*k = 14 + 8, 0 = -b - q*k + 18. Let c = b - -2. What is x(c)?
-2
Let j(y)